{"id":132259,"date":"2026-01-26T17:33:21","date_gmt":"2026-01-26T20:33:21","guid":{"rendered":"https:\/\/www.pimentacultural.com\/?post_type=product&#038;p=132259"},"modified":"2026-04-15T11:44:37","modified_gmt":"2026-04-15T14:44:37","slug":"ciencias-humanas-v-5","status":"publish","type":"product","link":"https:\/\/www.pimentacultural.com\/en\/livro\/ciencias-humanas-v-5\/","title":{"rendered":"Abordagens te\u00f3ricas e pr\u00e1ticas em pesquisa. Cole\u00e7\u00e3o Ci\u00eancias Humanas. V.5"},"content":{"rendered":"","protected":false},"excerpt":{"rendered":"<p><em>Obra organizada a partir de chamada aberta por meio de edital, com recebimento cont\u00ednuo de artigos para composi\u00e7\u00e3o dos cap\u00edtulos. <\/em><\/p>\n<p><em>Livro em fase de elabora\u00e7\u00e3o.<\/em><\/p>\n<p><strong>Fa\u00e7a o download dos cap\u00edtulos clicando nos t\u00edtulos abaixo.<\/strong><\/p>\n<p>&nbsp;<\/p>\n<h4>CAP\u00cdTULOS<\/h4>\n<hr \/>\n<h5><\/h5>\n<h5><a href=\"https:\/\/www.pimentacultural.com\/wp-content\/uploads\/2026\/01\/Expediente_ID-CH-v.-5.pdf\"><strong>Elementos pr\u00e9-textuais: capa, folha de rosto, ficha catalogr\u00e1fica, expediente e comit\u00ea editorial.<\/strong><\/a><\/h5>\n<h5><a href=\"https:\/\/www.pimentacultural.com\/wp-content\/uploads\/2026\/01\/ID-CH-v.-5-cap-1_A-Fabricacao-da-Mediocridade-no-Espaco-Escolar-Dialogos-entre-Hannah-Arendt-e-Michel-Foucault-sobre-o.pdf\">Cap\u00edtulo 1 &#8211; <span data-sheets-root=\"1\">A Fabrica\u00e7\u00e3o da Mediocridade no Espa\u00e7o Escolar: Di\u00e1logos entre Hannah Arendt e Michel Foucault sobre o Poder e a Crise do Pensamento na Educa\u00e7\u00e3o Brasileira. Autora: Maria Clara Ramos Nery.<\/span><\/a><\/h5>\n<h5><a href=\"https:\/\/www.pimentacultural.com\/wp-content\/uploads\/2026\/01\/ID-CH-v.-5-cap-2_Educomunicacao-e-neurociencia-contribuicoes-para-a-aprendizagem-na-educacao.pdf\">Cap\u00edtulo 2 &#8211; <span data-sheets-root=\"1\">Educomunica\u00e7\u00e3o e neuroci\u00eancia: contribui\u00e7\u00f5es para a aprendizagem na educa\u00e7\u00e3o. Autoras: Dayane Laurentino de Oliveira e Edilane Carvalho Teles<\/span><\/a><\/h5>\n<h5><a href=\"https:\/\/www.pimentacultural.com\/wp-content\/uploads\/2026\/02\/ID-CH-v.-5-cap-3_Alfabetizacao-e-letramento-em-perspectiva-contemporanea-contribuicoes-das-metodologias-ativas-e-do.pdf\">Cap\u00edtulo 3 &#8211; <span data-sheets-root=\"1\">Alfabetiza\u00e7\u00e3o e letramento em perspectiva contempor\u00e2nea: contribui\u00e7\u00f5es das metodologias ativas e do l\u00fadico para a ressignifica\u00e7\u00e3o das pr\u00e1ticas pedag\u00f3gicas. Autores: Indira Tainara Soares Teixeira e Cosme Batista dos Santos<\/span><\/a><\/h5>\n<h5><a href=\"https:\/\/www.pimentacultural.com\/wp-content\/uploads\/2026\/02\/ID-CH-v.-5-cap-4_Entre-nos-um-olhar-para-o-professor.-Analise-de-praticas-e-estrategias-debatidas-entre-professores-1.pdf\"><strong>Cap\u00edtulo 4 &#8211; Entre n\u00f3s: um olhar para o professor. An\u00e1lise de pr\u00e1ticas e estrat\u00e9gias debatidas entre professores. Autora: Deyse Cristina Barbosa<\/strong><\/a><\/h5>\n<h5><a href=\"https:\/\/www.pimentacultural.com\/wp-content\/uploads\/2026\/02\/ID-CH-v.-5-cap-5_Memorias-da-remocao-a-resistencia-da-Favela-de-Bras-de-Pina-a-politica-urbanistica-de-Carlos-Lacerda.pdf\">Cap\u00edtulo 5 &#8211; <span data-sheets-root=\"1\">Mem\u00f3rias da remo\u00e7\u00e3o: a resist\u00eancia da Favela de Br\u00e1s de Pina \u00e0 pol\u00edtica urban\u00edstica de Carlos Lacerda. Autor: Maxmiliano Martins Pinheiro<\/span><\/a><\/h5>\n<h5><strong><a href=\"https:\/\/www.pimentacultural.com\/wp-content\/uploads\/2026\/03\/ID-CH-v.-5-cap-6_Ensino-da-Letra-Cursiva-reflexoes-a-luz-do-enfoque-historico-critico.pdf\">Cap\u00edtulo 6 &#8211; Ensino da Letra Cursiva: reflex\u00f5es \u00e0 luz do enfoque hist\u00f3rico-cr\u00edtico. Autora: Bruna Carvalho<\/a><\/strong><\/h5>\n<h5><strong><a href=\"https:\/\/www.pimentacultural.com\/wp-content\/uploads\/2026\/03\/ID-CH-v.-5-cap-7_A-arte-como-mediacao-no-ensino-das-teorias-pedagogicas-relato-de-experiencia-a-luz-do-enfoque-historico.pdf\">Cap\u00edtulo 7 &#8211; A arte como media\u00e7\u00e3o no ensino das teorias pedag\u00f3gicas: relato de experi\u00eancia \u00e0 luz do enfoque hist\u00f3rico-cr\u00edtico. Autora: Bruna Carvalho<\/a><\/strong><\/h5>\n<h5><a href=\"https:\/\/www.pimentacultural.com\/wp-content\/uploads\/2026\/03\/ID-CH-v.-5-cap-8_Formacao-de-professores-alfabetizadores-consideracoes-a-partir-do-enfoque-historico-critico.pdf\">Cap\u00edtulo 8 &#8211; <span data-sheets-root=\"1\">Forma\u00e7\u00e3o de professores alfabetizadores: considera\u00e7\u00f5es a partir do enfoque hist\u00f3rico-cr\u00edtico. Autora: Bruna Carvalho<\/span><\/a><\/h5>\n<h5><a href=\"https:\/\/www.pimentacultural.com\/wp-content\/uploads\/2026\/04\/ID-CH-v.-5-cap-9_Fenomeno-da-impostora-impactos-da-violencia-de-genero-na-subjetivacao-de-mulheres-a-luz-da-psicanalise.pdf\">Cap\u00edtulo 9 &#8211; Fen\u00f4meno da impostora: impactos da viol\u00eancia de g\u00eanero na subjetiva\u00e7\u00e3o de mulheres \u00e0 luz da psican\u00e1lise ferencziana. Autora: Nat\u00e1lia Peres de Oliveira<\/a><\/h5>\n<h5><a href=\"https:\/\/www.pimentacultural.com\/wp-content\/uploads\/2026\/04\/ID-CH-v.-5-cap-10_Estagio-supervisionado-na-formacao-do-licenciado-em-pedagogia-um-dialogo-epistemologico-com-o-campo.pdf\">Cap\u00edtulo 10 &#8211; Est\u00e1gio supervisionado na forma\u00e7\u00e3o do licenciado em pedagogia: um di\u00e1logo epistemol\u00f3gico com o campo da did\u00e1tica. Autora: Giovanna Ofretorio de Oliveira Martin-Franchi<\/a><\/h5>\n","protected":false},"featured_media":132253,"template":"","meta":[],"product_brand":[],"product_cat":[718,729,726,719],"product_tag":[],"class_list":{"0":"post-132259","1":"product","2":"type-product","3":"status-publish","4":"has-post-thumbnail","6":"product_cat-linguistica-letras-artes","7":"product_cat-artes","8":"product_cat-letras","9":"product_cat-linguistica","11":"first","12":"instock","13":"shipping-taxable","14":"product-type-simple"},"_links":{"self":[{"href":"https:\/\/www.pimentacultural.com\/en\/wp-json\/wp\/v2\/product\/132259","targetHints":{"allow":["GET"]}}],"collection":[{"href":"https:\/\/www.pimentacultural.com\/en\/wp-json\/wp\/v2\/product"}],"about":[{"href":"https:\/\/www.pimentacultural.com\/en\/wp-json\/wp\/v2\/types\/product"}],"version-history":[{"count":2,"href":"https:\/\/www.pimentacultural.com\/en\/wp-json\/wp\/v2\/product\/132259\/revisions"}],"predecessor-version":[{"id":132599,"href":"https:\/\/www.pimentacultural.com\/en\/wp-json\/wp\/v2\/product\/132259\/revisions\/132599"}],"wp:featuredmedia":[{"embeddable":true,"href":"https:\/\/www.pimentacultural.com\/en\/wp-json\/wp\/v2\/media\/132253"}],"wp:attachment":[{"href":"https:\/\/www.pimentacultural.com\/en\/wp-json\/wp\/v2\/media?parent=132259"}],"wp:term":[{"taxonomy":"product_brand","embeddable":true,"href":"https:\/\/www.pimentacultural.com\/en\/wp-json\/wp\/v2\/product_brand?post=132259"},{"taxonomy":"product_cat","embeddable":true,"href":"https:\/\/www.pimentacultural.com\/en\/wp-json\/wp\/v2\/product_cat?post=132259"},{"taxonomy":"product_tag","embeddable":true,"href":"https:\/\/www.pimentacultural.com\/en\/wp-json\/wp\/v2\/product_tag?post=132259"}],"curies":[{"name":"wp","href":"https:\/\/api.w.org\/{rel}","templated":true}]}}

Abordagens teóricas e práticas em pesquisa. Coleção Ciências Humanas. V.5

<p><em>Obra organizada a partir de chamada aberta por meio de edital, com recebimento contínuo de artigos para composição dos capítulos. </em></p>
<p><em>Livro em fase de elaboração.</em></p>
<p><strong>Faça o download dos capítulos clicando nos títulos abaixo.</strong></p>
<p>&nbsp;</p>
<h4>CAPÍTULOS</h4>
<hr />
<h5></h5>
<h5><a href="https://www.pimentacultural.com/wp-content/uploads/2026/01/Expediente_ID-CH-v.-5.pdf"><strong>Elementos pré-textuais: capa, folha de rosto, ficha catalográfica, expediente e comitê editorial.</strong></a></h5>
<h5><a href="https://www.pimentacultural.com/wp-content/uploads/2026/01/ID-CH-v.-5-cap-1_A-Fabricacao-da-Mediocridade-no-Espaco-Escolar-Dialogos-entre-Hannah-Arendt-e-Michel-Foucault-sobre-o.pdf">Capítulo 1 &#8211; <span data-sheets-root="1">A Fabricação da Mediocridade no Espaço Escolar: Diálogos entre Hannah Arendt e Michel Foucault sobre o Poder e a Crise do Pensamento na Educação Brasileira. Autora: Maria Clara Ramos Nery.</span></a></h5>
<h5><a href="https://www.pimentacultural.com/wp-content/uploads/2026/01/ID-CH-v.-5-cap-2_Educomunicacao-e-neurociencia-contribuicoes-para-a-aprendizagem-na-educacao.pdf">Capítulo 2 &#8211; <span data-sheets-root="1">Educomunicação e neurociência: contribuições para a aprendizagem na educação. Autoras: Dayane Laurentino de Oliveira e Edilane Carvalho Teles</span></a></h5>
<h5><a href="https://www.pimentacultural.com/wp-content/uploads/2026/02/ID-CH-v.-5-cap-3_Alfabetizacao-e-letramento-em-perspectiva-contemporanea-contribuicoes-das-metodologias-ativas-e-do.pdf">Capítulo 3 &#8211; <span data-sheets-root="1">Alfabetização e letramento em perspectiva contemporânea: contribuições das metodologias ativas e do lúdico para a ressignificação das práticas pedagógicas. Autores: Indira Tainara Soares Teixeira e Cosme Batista dos Santos</span></a></h5>
<h5><a href="https://www.pimentacultural.com/wp-content/uploads/2026/02/ID-CH-v.-5-cap-4_Entre-nos-um-olhar-para-o-professor.-Analise-de-praticas-e-estrategias-debatidas-entre-professores-1.pdf"><strong>Capítulo 4 &#8211; Entre nós: um olhar para o professor. Análise de práticas e estratégias debatidas entre professores. Autora: Deyse Cristina Barbosa</strong></a></h5>
<h5><a href="https://www.pimentacultural.com/wp-content/uploads/2026/02/ID-CH-v.-5-cap-5_Memorias-da-remocao-a-resistencia-da-Favela-de-Bras-de-Pina-a-politica-urbanistica-de-Carlos-Lacerda.pdf">Capítulo 5 &#8211; <span data-sheets-root="1">Memórias da remoção: a resistência da Favela de Brás de Pina à política urbanística de Carlos Lacerda. Autor: Maxmiliano Martins Pinheiro</span></a></h5>
<h5><strong><a href="https://www.pimentacultural.com/wp-content/uploads/2026/03/ID-CH-v.-5-cap-6_Ensino-da-Letra-Cursiva-reflexoes-a-luz-do-enfoque-historico-critico.pdf">Capítulo 6 &#8211; Ensino da Letra Cursiva: reflexões à luz do enfoque histórico-crítico. Autora: Bruna Carvalho</a></strong></h5>
<h5><strong><a href="https://www.pimentacultural.com/wp-content/uploads/2026/03/ID-CH-v.-5-cap-7_A-arte-como-mediacao-no-ensino-das-teorias-pedagogicas-relato-de-experiencia-a-luz-do-enfoque-historico.pdf">Capítulo 7 &#8211; A arte como mediação no ensino das teorias pedagógicas: relato de experiência à luz do enfoque histórico-crítico. Autora: Bruna Carvalho</a></strong></h5>
<h5><a href="https://www.pimentacultural.com/wp-content/uploads/2026/03/ID-CH-v.-5-cap-8_Formacao-de-professores-alfabetizadores-consideracoes-a-partir-do-enfoque-historico-critico.pdf">Capítulo 8 &#8211; <span data-sheets-root="1">Formação de professores alfabetizadores: considerações a partir do enfoque histórico-crítico. Autora: Bruna Carvalho</span></a></h5>
<h5><a href="https://www.pimentacultural.com/wp-content/uploads/2026/04/ID-CH-v.-5-cap-9_Fenomeno-da-impostora-impactos-da-violencia-de-genero-na-subjetivacao-de-mulheres-a-luz-da-psicanalise.pdf">Capítulo 9 &#8211; Fenômeno da impostora: impactos da violência de gênero na subjetivação de mulheres à luz da psicanálise ferencziana. Autora: Natália Peres de Oliveira</a></h5>
<h5><a href="https://www.pimentacultural.com/wp-content/uploads/2026/04/ID-CH-v.-5-cap-10_Estagio-supervisionado-na-formacao-do-licenciado-em-pedagogia-um-dialogo-epistemologico-com-o-campo.pdf">Capítulo 10 &#8211; Estágio supervisionado na formação do licenciado em pedagogia: um diálogo epistemológico com o campo da didática. Autora: Giovanna Ofretorio de Oliveira Martin-Franchi</a></h5>
