{"id":132242,"date":"2026-01-26T16:22:19","date_gmt":"2026-01-26T19:22:19","guid":{"rendered":"https:\/\/www.pimentacultural.com\/?post_type=product&#038;p=132242"},"modified":"2026-04-06T14:37:24","modified_gmt":"2026-04-06T17:37:24","slug":"linguistica-letras-artes-v4","status":"publish","type":"product","link":"https:\/\/www.pimentacultural.com\/en\/livro\/linguistica-letras-artes-v4\/","title":{"rendered":"Abordagens te\u00f3ricas e pr\u00e1ticas em pesquisa. Cole\u00e7\u00e3o Lingu\u00edstica, Letras e Artes. V.4"},"content":{"rendered":"","protected":false},"excerpt":{"rendered":"<p><em>Obra organizada a partir de chamada aberta por meio de edital, com recebimento cont\u00ednuo de artigos para composi\u00e7\u00e3o dos cap\u00edtulos.<\/em><\/p>\n<p><em>Livro em fase de elabora\u00e7\u00e3o.<\/em><\/p>\n<p><strong>Fa\u00e7a o download dos cap\u00edtulos clicando nos t\u00edtulos abaixo.<\/strong><\/p>\n<h5>CAP\u00cdTULOS<\/h5>\n<h5><a href=\"https:\/\/www.pimentacultural.com\/wp-content\/uploads\/2026\/01\/Expediente_ID-LLA-v.-4.pdf\"><strong>Elementos pr\u00e9-textuais: capa, folha de rosto, ficha catalogr\u00e1fica, expediente e comit\u00ea editorial.<\/strong><\/a><\/h5>\n<h5><a href=\"https:\/\/www.pimentacultural.com\/wp-content\/uploads\/2026\/01\/ID-LLA-v.-4-cap-1_A-cancao-Aquarela-como-proposta-para-o-ensino-de-Analise-Linguistica-Semiotica.pdf\">Cap\u00edtulo 1 &#8211; <span data-sheets-root=\"1\">A can\u00e7\u00e3o Aquarela como proposta para o ensino de An\u00e1lise Lingu\u00edstica\/Semi\u00f3tica. Autores: Walisson Dod\u00f3, Marl\u00facia Nogueira do Nascimento, Eduardo Freitas da Silva, Tarcila Barboza Oliveira, Rafaella Fernandes de Ara\u00fajo e Tatiana Vieira de Lima.<\/span><\/a><\/h5>\n<h5><a href=\"https:\/\/www.pimentacultural.com\/wp-content\/uploads\/2026\/01\/ID-LLA-v.-4-cap-2_Formacao-docente-ficha-de-acompanhamento-individual-do-estagio-supervisionado-de-lingua-portuguesa.pdf\">Cap\u00edtulo 2 &#8211; <span data-sheets-root=\"1\">Forma\u00e7\u00e3o docente: ficha de acompanhamento individual do est\u00e1gio supervisionado de l\u00edngua portuguesa. Autoras: M\u00e1rcia Candeia Rodrigues e Andr\u00e9a Jane da Silva.<\/span><\/a><\/h5>\n<h5><a href=\"https:\/\/www.pimentacultural.com\/wp-content\/uploads\/2026\/01\/ID-LLA-v.-4-cap-3_A-Invencao-Desobediente-por-uma-arte-livre-da-criatividade.pdf\">Cap\u00edtulo 3 &#8211; A Inven\u00e7\u00e3o Desobediente: por uma arte livre da \u201ccriatividade\u201d. Autor: Rog\u00e9rio Rauber.<\/a><\/h5>\n<h5><a href=\"https:\/\/www.pimentacultural.com\/wp-content\/uploads\/2026\/01\/ID-LLA-v.-4-cap-4_Integracao-de-corpo-e-voz-em-processos-formativos-na-pratica-pedagogica.pdf\">Cap\u00edtulo 4 &#8211; <span data-sheets-root=\"1\">Integra\u00e7\u00e3o de corpo e voz em processos formativos na pr\u00e1tica pedag\u00f3gica. Autora: Maria Silvia Nicolato Peixoto.<\/span><\/a><\/h5>\n<h5><a href=\"https:\/\/www.pimentacultural.com\/wp-content\/uploads\/2026\/02\/ID-LLA-v.-4-cap-5_Discurso-de-posse-do-governador-Flavio-Dino-ethos-republicano-em-contexto-de-ruptura-politica-no.pdf\">Cap\u00edtulo 5 &#8211; <span data-sheets-root=\"1\">Discurso de posse do governador Fl\u00e1vio Dino: ethos republicano em contexto de ruptura pol\u00edtica no Maranh\u00e3o. Autor: Lu\u00eds Rodolfo Cabral.<\/span><\/a><\/h5>\n<h5><a href=\"https:\/\/www.pimentacultural.com\/wp-content\/uploads\/2026\/02\/ID-LLA-v.-4-cap-6_Teatro-e-empatia-quando-filosofia-e-tecnica-se-encontram-em-cena.pdf\">Cap\u00edtulo 6 &#8211; <span data-sheets-root=\"1\">Teatro e empatia: quando filosofia e t\u00e9cnica se encontram em cena. Autores: Maycon Gual Ribeiro, Elias do Amaral Viana e S\u00e9rgio Arruda de Moura<\/span><\/a><\/h5>\n<h5><a href=\"https:\/\/www.pimentacultural.com\/wp-content\/uploads\/2026\/04\/ID-LLA-v.-4-cap-7_Perspectivas-Baianas-sobre-o-Ensino-de-Ingles-para-Surdos-uma-abordagem-bibliografica.pdf\">Cap\u00edtulo 7 &#8211; Perspectivas Baianas sobre o Ensino de Ingl\u00eas para Surdos: uma abordagem bibliogr\u00e1fica. Autoras: Shirlei Tiara de Souza Moreira e Izabela Carneiro Almeida<\/a><\/h5>\n","protected":false},"featured_media":132240,"template":"","meta":[],"product_brand":[],"product_cat":[718,729,726,719],"product_tag":[],"class_list":{"0":"post-132242","1":"product","2":"type-product","3":"status-publish","4":"has-post-thumbnail","6":"product_cat-linguistica-letras-artes","7":"product_cat-artes","8":"product_cat-letras","9":"product_cat-linguistica","11":"first","12":"instock","13":"shipping-taxable","14":"product-type-simple"},"_links":{"self":[{"href":"https:\/\/www.pimentacultural.com\/en\/wp-json\/wp\/v2\/product\/132242","targetHints":{"allow":["GET"]}}],"collection":[{"href":"https:\/\/www.pimentacultural.com\/en\/wp-json\/wp\/v2\/product"}],"about":[{"href":"https:\/\/www.pimentacultural.com\/en\/wp-json\/wp\/v2\/types\/product"}],"version-history":[{"count":1,"href":"https:\/\/www.pimentacultural.com\/en\/wp-json\/wp\/v2\/product\/132242\/revisions"}],"predecessor-version":[{"id":132584,"href":"https:\/\/www.pimentacultural.com\/en\/wp-json\/wp\/v2\/product\/132242\/revisions\/132584"}],"wp:featuredmedia":[{"embeddable":true,"href":"https:\/\/www.pimentacultural.com\/en\/wp-json\/wp\/v2\/media\/132240"}],"wp:attachment":[{"href":"https:\/\/www.pimentacultural.com\/en\/wp-json\/wp\/v2\/media?parent=132242"}],"wp:term":[{"taxonomy":"product_brand","embeddable":true,"href":"https:\/\/www.pimentacultural.com\/en\/wp-json\/wp\/v2\/product_brand?post=132242"},{"taxonomy":"product_cat","embeddable":true,"href":"https:\/\/www.pimentacultural.com\/en\/wp-json\/wp\/v2\/product_cat?post=132242"},{"taxonomy":"product_tag","embeddable":true,"href":"https:\/\/www.pimentacultural.com\/en\/wp-json\/wp\/v2\/product_tag?post=132242"}],"curies":[{"name":"wp","href":"https:\/\/api.w.org\/{rel}","templated":true}]}}

Abordagens teóricas e práticas em pesquisa. Coleção Linguística, Letras e Artes. V.4

<p><em>Obra organizada a partir de chamada aberta por meio de edital, com recebimento contínuo de artigos para composição dos capítulos.</em></p>
<p><em>Livro em fase de elaboração.</em></p>
<p><strong>Faça o download dos capítulos clicando nos títulos abaixo.</strong></p>
<h5>CAPÍTULOS</h5>
<h5><a href="https://www.pimentacultural.com/wp-content/uploads/2026/01/Expediente_ID-LLA-v.-4.pdf"><strong>Elementos pré-textuais: capa, folha de rosto, ficha catalográfica, expediente e comitê editorial.</strong></a></h5>
<h5><a href="https://www.pimentacultural.com/wp-content/uploads/2026/01/ID-LLA-v.-4-cap-1_A-cancao-Aquarela-como-proposta-para-o-ensino-de-Analise-Linguistica-Semiotica.pdf">Capítulo 1 &#8211; <span data-sheets-root="1">A canção Aquarela como proposta para o ensino de Análise Linguística/Semiótica. Autores: Walisson Dodó, Marlúcia Nogueira do Nascimento, Eduardo Freitas da Silva, Tarcila Barboza Oliveira, Rafaella Fernandes de Araújo e Tatiana Vieira de Lima.</span></a></h5>
<h5><a href="https://www.pimentacultural.com/wp-content/uploads/2026/01/ID-LLA-v.-4-cap-2_Formacao-docente-ficha-de-acompanhamento-individual-do-estagio-supervisionado-de-lingua-portuguesa.pdf">Capítulo 2 &#8211; <span data-sheets-root="1">Formação docente: ficha de acompanhamento individual do estágio supervisionado de língua portuguesa. Autoras: Márcia Candeia Rodrigues e Andréa Jane da Silva.</span></a></h5>
<h5><a href="https://www.pimentacultural.com/wp-content/uploads/2026/01/ID-LLA-v.-4-cap-3_A-Invencao-Desobediente-por-uma-arte-livre-da-criatividade.pdf">Capítulo 3 &#8211; A Invenção Desobediente: por uma arte livre da “criatividade”. Autor: Rogério Rauber.</a></h5>
<h5><a href="https://www.pimentacultural.com/wp-content/uploads/2026/01/ID-LLA-v.-4-cap-4_Integracao-de-corpo-e-voz-em-processos-formativos-na-pratica-pedagogica.pdf">Capítulo 4 &#8211; <span data-sheets-root="1">Integração de corpo e voz em processos formativos na prática pedagógica. Autora: Maria Silvia Nicolato Peixoto.</span></a></h5>
<h5><a href="https://www.pimentacultural.com/wp-content/uploads/2026/02/ID-LLA-v.-4-cap-5_Discurso-de-posse-do-governador-Flavio-Dino-ethos-republicano-em-contexto-de-ruptura-politica-no.pdf">Capítulo 5 &#8211; <span data-sheets-root="1">Discurso de posse do governador Flávio Dino: ethos republicano em contexto de ruptura política no Maranhão. Autor: Luís Rodolfo Cabral.</span></a></h5>
<h5><a href="https://www.pimentacultural.com/wp-content/uploads/2026/02/ID-LLA-v.-4-cap-6_Teatro-e-empatia-quando-filosofia-e-tecnica-se-encontram-em-cena.pdf">Capítulo 6 &#8211; <span data-sheets-root="1">Teatro e empatia: quando filosofia e técnica se encontram em cena. Autores: Maycon Gual Ribeiro, Elias do Amaral Viana e Sérgio Arruda de Moura</span></a></h5>
<h5><a href="https://www.pimentacultural.com/wp-content/uploads/2026/04/ID-LLA-v.-4-cap-7_Perspectivas-Baianas-sobre-o-Ensino-de-Ingles-para-Surdos-uma-abordagem-bibliografica.pdf">Capítulo 7 &#8211; Perspectivas Baianas sobre o Ensino de Inglês para Surdos: uma abordagem bibliográfica. Autoras: Shirlei Tiara de Souza Moreira e Izabela Carneiro Almeida</a></h5>
