{"id":132221,"date":"2026-01-23T10:48:14","date_gmt":"2026-01-23T13:48:14","guid":{"rendered":"https:\/\/www.pimentacultural.com\/?post_type=product&#038;p=132221"},"modified":"2026-04-06T14:12:19","modified_gmt":"2026-04-06T17:12:19","slug":"multidisciplinar-v-3","status":"publish","type":"product","link":"https:\/\/www.pimentacultural.com\/en\/livro\/multidisciplinar-v-3\/","title":{"rendered":"Abordagens te\u00f3ricas e pr\u00e1ticas em pesquisa. Cole\u00e7\u00e3o Multidisciplinar. V.3"},"content":{"rendered":"","protected":false},"excerpt":{"rendered":"<p><em>Obra organizada a partir de chamada aberta por meio de edital, com recebimento cont\u00ednuo de artigos para composi\u00e7\u00e3o dos cap\u00edtulos. <\/em><\/p>\n<p><em>Livro em fase de elabora\u00e7\u00e3o.<\/em><\/p>\n<p><strong>Fa\u00e7a o download dos cap\u00edtulos clicando nos t\u00edtulos abaixo.<\/strong><\/p>\n<p>&nbsp;<\/p>\n<h4>CAP\u00cdTULOS<\/h4>\n<hr \/>\n<h5><\/h5>\n<h5><strong><a href=\"https:\/\/www.pimentacultural.com\/wp-content\/uploads\/2026\/01\/Expediente_ID-M-v.-3.pdf\">Elementos pr\u00e9-textuais: capa, folha de rosto, ficha catalogr\u00e1fica, expediente e comit\u00ea editorial.<\/a><\/strong><\/h5>\n<h5><strong><a href=\"https:\/\/www.pimentacultural.com\/wp-content\/uploads\/2026\/01\/ID-M-v.-3-cap-1_Analise-das-caracteristicas-dos-discursos-de-desinformacao-envolvendo-conceitos-da-quimica.pdf\">Cap\u00edtulo 1 &#8211; An\u00e1lise das caracter\u00edsticas dos discursos de desinforma\u00e7\u00e3o envolvendo conceitos da qu\u00edmica. Autores: Let\u00edcia Sayuri Kurihara, Gabriela Fasolo Pivaro, Gildo Girotto J\u00fanior e Mayara de Carvalho Santos<\/a><\/strong><\/h5>\n<h5><a href=\"https:\/\/www.pimentacultural.com\/wp-content\/uploads\/2026\/02\/ID-M-v.-3-cap-2_Maus-tratos-infantis-invisibilidade-institucional-e-desafios-contemporaneos-para-a-protecao-da-infancia-1.pdf\">Cap\u00edtulo 2 &#8211; <span data-sheets-root=\"1\">Maus-tratos infantis, invisibilidade institucional e desafios contempor\u00e2neos para a prote\u00e7\u00e3o da inf\u00e2ncia. Autor: Robson Marins de Abreu<\/span><\/a><\/h5>\n<h5><strong><a href=\"https:\/\/www.pimentacultural.com\/wp-content\/uploads\/2026\/04\/ID-M-v.-3-cap-3_A-acao-emancipatoria-do-lazer-como-inedito-viavel-uma-proposta-para-estudantes-residentes-da-educacao.pdf\">Cap\u00edtulo 3 &#8211; A a\u00e7\u00e3o emancipat\u00f3ria do lazer como in\u00e9dito vi\u00e1vel: uma proposta para estudantes residentes da educa\u00e7\u00e3o profissional e tecnol\u00f3gica. Autores: N\u00edvia Barreto dos Anjos, Nelian Costa Nascimento, \u00c2ngelo Francisco de Sousa Andrade, Meirelande Barreto Rocha Andrade, Suomi Juana Oliveira da Silva Cabral e Eder Moraes Araujo<\/a><\/strong><\/h5>\n<h5><a href=\"https:\/\/www.pimentacultural.com\/wp-content\/uploads\/2026\/04\/ID-M-v.-3-cap-4_Bixa-sertaneja-geracao-vivencia-e-construcao-de-si.pdf\">Cap\u00edtulo 4 &#8211; Bixa sertaneja: gera\u00e7\u00e3o, viv\u00eancia e constru\u00e7\u00e3o de si. Autor: Jo\u00e3o Pedro Gomes Siqueira<\/a><\/h5>\n<h5><a href=\"https:\/\/www.pimentacultural.com\/wp-content\/uploads\/2026\/04\/ID-M-v.-3-cap-5_Subprodutos-alimentares-na-formulacao-de-bebidas-funcionais.pdf\">Cap\u00edtulo 5 &#8211; Subprodutos alimentares na formula\u00e7\u00e3o de bebidas funcionais. Autoras: Amanda Rubia de Figueiredo Trindade, Isadora de Brito Hilario e Samanta Shiraishi Kagueyama<\/a><\/h5>\n<hr \/>\n<p>&nbsp;<\/p>\n","protected":false},"featured_media":132268,"template":"","meta":[],"product_brand":[],"product_cat":[718,729,726,719],"product_tag":[],"class_list":{"0":"post-132221","1":"product","2":"type-product","3":"status-publish","4":"has-post-thumbnail","6":"product_cat-linguistica-letras-artes","7":"product_cat-artes","8":"product_cat-letras","9":"product_cat-linguistica","11":"first","12":"instock","13":"shipping-taxable","14":"product-type-simple"},"_links":{"self":[{"href":"https:\/\/www.pimentacultural.com\/en\/wp-json\/wp\/v2\/product\/132221","targetHints":{"allow":["GET"]}}],"collection":[{"href":"https:\/\/www.pimentacultural.com\/en\/wp-json\/wp\/v2\/product"}],"about":[{"href":"https:\/\/www.pimentacultural.com\/en\/wp-json\/wp\/v2\/types\/product"}],"version-history":[{"count":3,"href":"https:\/\/www.pimentacultural.com\/en\/wp-json\/wp\/v2\/product\/132221\/revisions"}],"predecessor-version":[{"id":132581,"href":"https:\/\/www.pimentacultural.com\/en\/wp-json\/wp\/v2\/product\/132221\/revisions\/132581"}],"wp:featuredmedia":[{"embeddable":true,"href":"https:\/\/www.pimentacultural.com\/en\/wp-json\/wp\/v2\/media\/132268"}],"wp:attachment":[{"href":"https:\/\/www.pimentacultural.com\/en\/wp-json\/wp\/v2\/media?parent=132221"}],"wp:term":[{"taxonomy":"product_brand","embeddable":true,"href":"https:\/\/www.pimentacultural.com\/en\/wp-json\/wp\/v2\/product_brand?post=132221"},{"taxonomy":"product_cat","embeddable":true,"href":"https:\/\/www.pimentacultural.com\/en\/wp-json\/wp\/v2\/product_cat?post=132221"},{"taxonomy":"product_tag","embeddable":true,"href":"https:\/\/www.pimentacultural.com\/en\/wp-json\/wp\/v2\/product_tag?post=132221"}],"curies":[{"name":"wp","href":"https:\/\/api.w.org\/{rel}","templated":true}]}}

Abordagens teóricas e práticas em pesquisa. Coleção Multidisciplinar. V.3

<p><em>Obra organizada a partir de chamada aberta por meio de edital, com recebimento contínuo de artigos para composição dos capítulos. </em></p>
<p><em>Livro em fase de elaboração.</em></p>
<p><strong>Faça o download dos capítulos clicando nos títulos abaixo.</strong></p>
<p>&nbsp;</p>
<h4>CAPÍTULOS</h4>
<hr />
<h5></h5>
<h5><strong><a href="https://www.pimentacultural.com/wp-content/uploads/2026/01/Expediente_ID-M-v.-3.pdf">Elementos pré-textuais: capa, folha de rosto, ficha catalográfica, expediente e comitê editorial.</a></strong></h5>
<h5><strong><a href="https://www.pimentacultural.com/wp-content/uploads/2026/01/ID-M-v.-3-cap-1_Analise-das-caracteristicas-dos-discursos-de-desinformacao-envolvendo-conceitos-da-quimica.pdf">Capítulo 1 &#8211; Análise das características dos discursos de desinformação envolvendo conceitos da química. Autores: Letícia Sayuri Kurihara, Gabriela Fasolo Pivaro, Gildo Girotto Júnior e Mayara de Carvalho Santos</a></strong></h5>
<h5><a href="https://www.pimentacultural.com/wp-content/uploads/2026/02/ID-M-v.-3-cap-2_Maus-tratos-infantis-invisibilidade-institucional-e-desafios-contemporaneos-para-a-protecao-da-infancia-1.pdf">Capítulo 2 &#8211; <span data-sheets-root="1">Maus-tratos infantis, invisibilidade institucional e desafios contemporâneos para a proteção da infância. Autor: Robson Marins de Abreu</span></a></h5>
<h5><strong><a href="https://www.pimentacultural.com/wp-content/uploads/2026/04/ID-M-v.-3-cap-3_A-acao-emancipatoria-do-lazer-como-inedito-viavel-uma-proposta-para-estudantes-residentes-da-educacao.pdf">Capítulo 3 &#8211; A ação emancipatória do lazer como inédito viável: uma proposta para estudantes residentes da educação profissional e tecnológica. Autores: Nívia Barreto dos Anjos, Nelian Costa Nascimento, Ângelo Francisco de Sousa Andrade, Meirelande Barreto Rocha Andrade, Suomi Juana Oliveira da Silva Cabral e Eder Moraes Araujo</a></strong></h5>
<h5><a href="https://www.pimentacultural.com/wp-content/uploads/2026/04/ID-M-v.-3-cap-4_Bixa-sertaneja-geracao-vivencia-e-construcao-de-si.pdf">Capítulo 4 &#8211; Bixa sertaneja: geração, vivência e construção de si. Autor: João Pedro Gomes Siqueira</a></h5>
<h5><a href="https://www.pimentacultural.com/wp-content/uploads/2026/04/ID-M-v.-3-cap-5_Subprodutos-alimentares-na-formulacao-de-bebidas-funcionais.pdf">Capítulo 5 &#8211; Subprodutos alimentares na formulação de bebidas funcionais. Autoras: Amanda Rubia de Figueiredo Trindade, Isadora de Brito Hilario e Samanta Shiraishi Kagueyama</a></h5>
<hr />
<p>&nbsp;</p>
